. What is the highest common divisor of 18 and k?
9
Let x = 27 + -16. Let v(y) = y**3 - 2*y**2 + y - 1. Let n be v(3). What is the greatest common factor of x and n?
11
Let f(m) = 2*m + 9. Let g be f(-6). Let n(c) = -3*c + 3. Let i be n(g). Calculate the greatest common divisor of i and 12.
12
Let v be 6/(-15) + 19232/(-20). Let b be (-4)/20 + v/(-10). Calculate the greatest common divisor of b and 12.
12
Let w(q) = q**3 - 7*q**2 + 4*q - 6. Let u be w(6). Let a = u - -28. Calculate the highest common factor of a and 25.
5
Suppose 2*o - 92 = -b, 2*b = 2*o - 103 + 23. What is the greatest common divisor of 22 and o?
22
Let j(n) = n + 12. Let x be j(0). Suppose -2*g = -3*a - 22, -2 - 2 = 2*a. Calculate the greatest common divisor of g and x.
4
Let u = 14 + -9. Suppose u*o = 6 + 4. Suppose 6 = k - 4. Calculate the highest common factor of k and o.
2
Let v be (-1 + 9 + -2)/((-3)/(-8)). Calculate the greatest common divisor of 16 and v.
16
Suppose 25 = g - 96. What is the highest common factor of g and 11?
11
Suppose 8*g - 21 = 11. Let x be (-7)/(-5) - 2/5. Calculate the highest common divisor of g and x.
1
Suppose -3*r + 150 = 6*s - 2*s, -s = 4*r - 44. Calculate the greatest common factor of 12 and s.
12
Let r(b) = 18*b**2 - 3*b + 1. Let g be r(1). What is the highest common factor of g and 80?
16
Suppose k = -9 - 7. Let l = 36 + k. Calculate the greatest common divisor of l and 30.
10
Suppose q = -0*q. Suppose 0 = -q*f - 3*f. Suppose -g - g + 4 = f. What is the highest common divisor of 16 and g?
2
Let z = 55 - -65. Calculate the greatest common divisor of 24 and z.
24
Suppose 8*k - 1323 = k. Calculate the highest common factor of 21 and k.
21
Let s = 91 + 44. Calculate the highest common divisor of 15 and s.
15
Suppose 2*g + 6 = 0, 2*g + 81 = h + 7*g. Calculate the highest common factor of h and 24.
24
Let u(f) = 13*f. Suppose -a = -4*p + 26, -2*p - a + 2 = 4*a. Let r be u(p). Calculate the highest common factor of 13 and r.
13
Suppose 0 = q - 4*b - 93, 0*q - 2*b = -2*q + 162. Let c = 23 - 16. What is the greatest common divisor of q and c?
7
Suppose -114 = -3*u + 9. Suppose -4*y + 60 = x - 5*x, x = -3*y + u. What is the greatest common factor of 21 and y?
7
Let v(k) = k**2 - 4. Let h be v(-3). Calculate the greatest common factor of h and 45.
5
Let n = -783 + 795. Let o be 1 - (-23 + (-1 - -1)). What is the greatest common divisor of o and n?
12
Let g(v) = v**3 - v**2 + v - 18. Let z be g(0). Let o be 151/9 + (-4)/z. Let m be (-1244)/(-12) - (-20)/(-12). What is the highest common factor of o and m?
17
Let j(d) = d + 14. Let z be j(-12). Suppose 0 = u + z - 10. Let l = u + -5. What is the greatest common divisor of l and 6?
3
Suppose -q = 1 - 8. Let j = q + 3. What is the highest common factor of 15 and j?
5
Let f(l) = l**3 - 8*l**2 + l + 6. Let z be f(8). Suppose 2*g - 15 = -3*g. Let h = z - g. What is the highest common divisor of 55 and h?
11
Let t = -48 - -65. Let c(n) = 9*n**3 - 2*n**2 - 2*n - 1. Let v be c(-1). Let l = 7 - v. What is the highest common divisor of t and l?
17
Let j(f) = 5*f + 4. Let l be j(12). What is the greatest common divisor of l and 8?
8
Suppose -54 = -5*u - 2*t, 0 = 2*u - 6*u + 2*t + 36. Suppose -18 = -3*h - 2*c, 3*h + 5*c - 27 = -0*h. Calculate the greatest common divisor of h and u.
2
Let r(n) = -117*n**3 - n**2 - n - 1. Let k be r(-1). Suppose 2*f - 3*h = k, 308 = 5*f - 2*h - h. Calculate the greatest common factor of 16 and f.
16
Suppose 3*f = -0*f + 252. What is the highest common divisor of f and 28?
28
Suppose -3*h + 1 = -5. Suppose -q = h*v - 319, v + 4*v - 795 = -5*q. Calculate the highest common divisor of 20 and v.
20
Suppose s = 5*l - 8, -4*l + 0*s + 18 = 5*s. Let g be l/(4/176*2). Calculate the highest common divisor of 110 and g.
22
Let n = 23 + -5. Suppose -3*i + n = -2*i. What is the greatest common factor of 6 and i?
6
Let y(q) = -62*q**3 + q. Let c be y(1). Let p be -1*(-1 - -2) + -88. Let g = c - p. What is the highest common factor of 4 and g?
4
Suppose -317 + 110 = -h. Calculate the greatest common divisor of 23 and h.
23
Suppose -17 = -y + 13. Calculate the highest common factor of 120 and y.
30
Suppose -4*g = -2*n - 10, 2*g - 2*n - 6 = -0. Suppose a + 5*d = 19, -4*a + 2 = 5*d - 29. Calculate the greatest common factor of g and a.
2
Let y(w) be the second derivative of -w**3/2 + w**2/2 - 2*w. Let f be y(-2). What is the highest common divisor of 7 and f?
7
Let m be (7 + -37)*(-4)/5. Calculate the highest common divisor of 12 and m.
12
Let w = 376 + -264. What is the highest common divisor of 14 and w?
14
Let j be 20 + -2 + 4/(4/3). Let d = 16 - -47. What is the highest common divisor of j and d?
21
Let b be ((-1)/(-2))/(4/24). Let q = 11 - b. What is the greatest common factor of q and 12?
4
Suppose -2*t + 5 = -t. Suppose 5*w = 2*i + 3, -2*w = -4*i - t*w - 19. Let m = 39 + i. Calculate the highest common factor of 14 and m.
7
Let x(o) = -o**3 - 6*o**2 - 5*o + 7. Let z be x(-5). What is the highest common factor of z and 1?
1
Suppose i + 16 = -3*i, 5*b = -i + 81. Calculate the highest common factor of b and 153.
17
Let h(w) = w - 3. Let u be h(8). Let d = u - -4. What is the highest common divisor of 3 and d?
3
Suppose -3*n + 4 + 32 = 0. Suppose 0 = -4*k - 20, 5*k + 680 = 5*a + k. What is the highest common factor of a and n?
12
Let y(f) = 10*f**3 + f - 1. Let v be y(1). Suppose -6*u + u = -v. What is the greatest common factor of 6 and u?
2
Let h = -22 + 26. Calculate the greatest common divisor of h and 4.
4
Suppose -3*q - 44 = -4*n, -5*n - 5*q = -0*n - 20. Calculate the highest common divisor of n and 16.
8
Let n = -1 + 6. Suppose 3*d = -2*d + 25. Calculate the greatest common factor of d and n.
5
Let y = 3 + 13. Let k(c) = 14*c - 2. Let r be k(3). What is the highest common divisor of r and y?
8
Suppose u + 2 + 0 = 0. Let c be -3 + (1 - 10/u). Let a(t) = 28*t**2 - 2*t + 1. Let s be a(1). What is the greatest common divisor of s and c?
3
Suppose 6 = p + 2. What is the highest common factor of p and 8?
4
Suppose -4*w = -4*s - s - 134, w - 46 = -5*s. Calculate the greatest common divisor of 90 and w.
18
Suppose 5*l - 11 - 44 = -5*o, 5*l = 5*o - 65. What is the highest common factor of 132 and o?
12
Let g = -2 - -6. Suppose -q + g*o = -10, 122 = 5*q + 4*o - 0*o. What is the highest common factor of q and 55?
11
Let h = -88 - -148. Calculate the highest common divisor of 30 and h.
30
Let z = 449 + -395. Let b(v) = v**2 + v - 2. Let w be b(4). What is the greatest common factor of z and w?
18
Let p = -27 + 96. Calculate the highest common factor of p and 23.
23
Suppose 0 = 7*p - 9*p + 2. What is the highest common divisor of 5 and p?
1
Let v = 1 + 69. What is the highest common divisor of 10 and v?
10
Let h(b) = 54*b + 3. Suppose 3*u - 15 = 2*r - 0*r, 0 = -4*u + r + 15. Let t be h(u). What is the greatest common divisor of t and 15?
15
Let g = -213 - -375. What is the greatest common divisor of g and 108?
54
Let o be 96/2 - (-3 + 0). What is the highest common divisor of 17 and o?
17
Suppose -8*o - 25 = -3*o + 2*d, -4*o = -5*d + 53. Let s = 13 + o. Let g(z) = -z**2 - 5*z + 23. Let u be g(-7). Calculate the highest common factor of s and u.
3
Let d be (-14)/((-155)/(-40) - 4). Let i = -10 + 24. What is the greatest common factor of d and i?
14
Let r = -40 - -148. Let g be 10 + ((-4)/(-18) - (-80)/45). Calculate the highest common factor of g and r.
12
Suppose 0 = 3*b - b - 12. Calculate the greatest common factor of b and 4.
2
Let c = -17 - -46. Calculate the greatest common divisor of 87 and c.
29
Let r(k) = -4*k + 8. Let a be r(-7). Let o = 4 + -8. Let p be ((-270)/o)/(6/8). What is the highest common divisor of p and a?
18
Suppose 3*h - 3 = 30. Suppose -x - 2 = -h. What is the highest common factor of x and 99?
9
Suppose -i + 28 = i. Calculate the highest common divisor of 126 and i.
14
Let c = 4 - 4. Suppose -3*q + 6*q = c. Suppose -10 = -5*g - q*g. Calculate the highest common divisor of 1 and g.
1
Let t = -2 - -32. Calculate the highest common divisor of t and 270.
30
Suppose -6*u + 858 - 330 = 0. Calculate the highest common factor of u and 11.
11
Let j = -69 - -97. Let c = -17 + j. What is the highest common divisor of 1 and c?
1
Suppose 0 - 5 = -3*p + g, 0 = 4*p - 4*g - 20. Let m(i) = 